[INFO] fetching crate nakamoto-p2p 0.1.0...
[INFO] checking nakamoto-p2p-0.1.0 against try#72f88fc4e9458f89516a0b8b0868f3718aec5b47 for pr-74989
[INFO] extracting crate nakamoto-p2p 0.1.0 into /workspace/builds/worker-3/source
[INFO] validating manifest of crates.io crate nakamoto-p2p 0.1.0 on toolchain 72f88fc4e9458f89516a0b8b0868f3718aec5b47
[INFO] running `Command { std: "/workspace/cargo-home/bin/cargo" "+72f88fc4e9458f89516a0b8b0868f3718aec5b47" "read-manifest" "--manifest-path" "Cargo.toml", kill_on_drop: false }`
[INFO] started tweaking crates.io crate nakamoto-p2p 0.1.0
[INFO] finished tweaking crates.io crate nakamoto-p2p 0.1.0
[INFO] tweaked toml for crates.io crate nakamoto-p2p 0.1.0 written to /workspace/builds/worker-3/source/Cargo.toml
[INFO] running `Command { std: "/workspace/cargo-home/bin/cargo" "+72f88fc4e9458f89516a0b8b0868f3718aec5b47" "generate-lockfile" "--manifest-path" "Cargo.toml" "-Zno-index-update", kill_on_drop: false }`
[INFO] running `Command { std: "/workspace/cargo-home/bin/cargo" "+72f88fc4e9458f89516a0b8b0868f3718aec5b47" "fetch" "--locked" "--manifest-path" "Cargo.toml", kill_on_drop: false }`
[INFO] [stderr]  Downloading crates ...
[INFO] [stderr]   Downloaded popol v0.3.0
[INFO] running `Command { std: "docker" "create" "-v" "/var/lib/crater-agent-workspace/builds/worker-3/target:/opt/rustwide/target:rw,Z" "-v" "/var/lib/crater-agent-workspace/builds/worker-3/source:/opt/rustwide/workdir:ro,Z" "-v" "/var/lib/crater-agent-workspace/cargo-home:/opt/rustwide/cargo-home:ro,Z" "-v" "/var/lib/crater-agent-workspace/rustup-home:/opt/rustwide/rustup-home:ro,Z" "-e" "SOURCE_DIR=/opt/rustwide/workdir" "-e" "CARGO_TARGET_DIR=/opt/rustwide/target" "-e" "CARGO_HOME=/opt/rustwide/cargo-home" "-e" "RUSTUP_HOME=/opt/rustwide/rustup-home" "-w" "/opt/rustwide/workdir" "-m" "1610612736" "--user" "0:0" "--network" "none" "rustops/crates-build-env@sha256:d92eaeed33fa75130ca1ee6c8a01d1ffb62bac859dfdfb3450e3e5d1c0146529" "/opt/rustwide/cargo-home/bin/cargo" "+72f88fc4e9458f89516a0b8b0868f3718aec5b47" "metadata" "--no-deps" "--format-version=1", kill_on_drop: false }`
[INFO] [stderr] WARNING: Your kernel does not support swap limit capabilities or the cgroup is not mounted. Memory limited without swap.
[INFO] [stdout] 95c5a7c03f6b9a0a3d6c37b2d5335fd75c85db3ead6f0c23a15280125bdb173c
[INFO] running `Command { std: "docker" "start" "-a" "95c5a7c03f6b9a0a3d6c37b2d5335fd75c85db3ead6f0c23a15280125bdb173c", kill_on_drop: false }`
[INFO] running `Command { std: "docker" "inspect" "95c5a7c03f6b9a0a3d6c37b2d5335fd75c85db3ead6f0c23a15280125bdb173c", kill_on_drop: false }`
[INFO] running `Command { std: "docker" "rm" "-f" "95c5a7c03f6b9a0a3d6c37b2d5335fd75c85db3ead6f0c23a15280125bdb173c", kill_on_drop: false }`
[INFO] [stdout] 95c5a7c03f6b9a0a3d6c37b2d5335fd75c85db3ead6f0c23a15280125bdb173c
[INFO] running `Command { std: "docker" "create" "-v" "/var/lib/crater-agent-workspace/builds/worker-3/target:/opt/rustwide/target:rw,Z" "-v" "/var/lib/crater-agent-workspace/builds/worker-3/source:/opt/rustwide/workdir:ro,Z" "-v" "/var/lib/crater-agent-workspace/cargo-home:/opt/rustwide/cargo-home:ro,Z" "-v" "/var/lib/crater-agent-workspace/rustup-home:/opt/rustwide/rustup-home:ro,Z" "-e" "SOURCE_DIR=/opt/rustwide/workdir" "-e" "CARGO_TARGET_DIR=/opt/rustwide/target" "-e" "CARGO_INCREMENTAL=0" "-e" "RUST_BACKTRACE=full" "-e" "RUSTFLAGS=--cap-lints=forbid" "-e" "CARGO_HOME=/opt/rustwide/cargo-home" "-e" "RUSTUP_HOME=/opt/rustwide/rustup-home" "-w" "/opt/rustwide/workdir" "-m" "1610612736" "--user" "0:0" "--network" "none" "rustops/crates-build-env@sha256:d92eaeed33fa75130ca1ee6c8a01d1ffb62bac859dfdfb3450e3e5d1c0146529" "/opt/rustwide/cargo-home/bin/cargo" "+72f88fc4e9458f89516a0b8b0868f3718aec5b47" "check" "--frozen" "--all" "--all-targets" "--message-format=json", kill_on_drop: false }`
[INFO] [stdout] c47f6b1f9d02fc69b7b72e142374e12fe1ca90ee6b6a80256188c34c92aa4bb4
[INFO] [stderr] WARNING: Your kernel does not support swap limit capabilities or the cgroup is not mounted. Memory limited without swap.
[INFO] running `Command { std: "docker" "start" "-a" "c47f6b1f9d02fc69b7b72e142374e12fe1ca90ee6b6a80256188c34c92aa4bb4", kill_on_drop: false }`
[INFO] [stderr]    Compiling cc v1.0.41
[INFO] [stderr]    Compiling syn v1.0.40
[INFO] [stderr]     Checking bech32 v0.7.2
[INFO] [stderr]     Checking bitcoin_hashes v0.7.6
[INFO] [stderr]     Checking remove_dir_all v0.5.3
[INFO] [stderr]     Checking fastrand v1.3.5
[INFO] [stderr]     Checking popol v0.3.0
[INFO] [stderr]     Checking rand v0.7.3
[INFO] [stderr]    Compiling secp256k1-sys v0.1.2
[INFO] [stderr]     Checking tempfile v3.1.0
[INFO] [stderr]     Checking secp256k1 v0.17.2
[INFO] [stderr]    Compiling thiserror-impl v1.0.20
[INFO] [stderr]     Checking thiserror v1.0.20
[INFO] [stderr]     Checking bitcoin v0.23.0
[INFO] [stderr]     Checking nakamoto-common v0.1.0
[INFO] [stderr]     Checking nakamoto-p2p v0.1.0 (/opt/rustwide/workdir)
[INFO] [stdout] error[E0433]: failed to resolve: use of undeclared type or module `nakamoto_test`
[INFO] [stdout]     --> src/protocol/bitcoin.rs:1166:9
[INFO] [stdout]      |
[INFO] [stdout] 1166 |     use nakamoto_test::block::cache::model;
[INFO] [stdout]      |         ^^^^^^^^^^^^^ use of undeclared type or module `nakamoto_test`
[INFO] [stdout] 
[INFO] [stdout] 
[INFO] [stdout] error[E0432]: unresolved import `nakamoto_test`
[INFO] [stdout]     --> src/protocol/bitcoin.rs:1167:9
[INFO] [stdout]      |
[INFO] [stdout] 1167 |     use nakamoto_test::logger;
[INFO] [stdout]      |         ^^^^^^^^^^^^^ use of undeclared type or module `nakamoto_test`
[INFO] [stdout] 
[INFO] [stdout] 
[INFO] [stdout] error[E0432]: unresolved import `nakamoto_test`
[INFO] [stdout]     --> src/protocol/bitcoin.rs:1168:9
[INFO] [stdout]      |
[INFO] [stdout] 1168 |     use nakamoto_test::TREE;
[INFO] [stdout]      |         ^^^^^^^^^^^^^ use of undeclared type or module `nakamoto_test`
[INFO] [stdout] 
[INFO] [stdout] 
[INFO] [stdout] error[E0433]: failed to resolve: use of undeclared type or module `model`
[INFO] [stdout]     --> src/protocol/bitcoin.rs:1365:38
[INFO] [stdout]      |
[INFO] [stdout] 1365 |         let idle_timeout = Bitcoin::<model::Cache>::IDLE_TIMEOUT;
[INFO] [stdout]      |                                      ^^^^^ use of undeclared type or module `model`
[INFO] [stdout] 
[INFO] [stdout] 
[INFO] [stdout] error[E0433]: failed to resolve: use of undeclared type or module `model`
[INFO] [stdout]     --> src/protocol/bitcoin.rs:1276:27
[INFO] [stdout]      |
[INFO] [stdout] 1276 |         let tree = model::Cache::new(genesis);
[INFO] [stdout]      |                           ^^^^^ not found in `model`
[INFO] [stdout]      |
[INFO] [stdout] help: consider importing one of these items
[INFO] [stdout]      |
[INFO] [stdout] 1160 |     use crate::reactor::poll::io::sys::ext::net::sys_common::backtrace::backtrace_rs::symbolize::gimli::Cache;
[INFO] [stdout]      |
[INFO] [stdout] 1160 |     use crate::reactor::poll::io::sys::ext::net::sys_common::backtrace::backtrace_rs::symbolize::gimli::mystd::detect::cache::Cache;
[INFO] [stdout]      |
[INFO] [stdout] 
[INFO] [stdout] 
[INFO] [stdout] error[E0433]: failed to resolve: use of undeclared type or module `model`
[INFO] [stdout]     --> src/protocol/bitcoin.rs:1337:31
[INFO] [stdout]      |
[INFO] [stdout] 1337 |         let bob_tree = model::Cache::new(*alice_tree.genesis());
[INFO] [stdout]      |                               ^^^^^ not found in `model`
[INFO] [stdout]      |
[INFO] [stdout] help: consider importing one of these items
[INFO] [stdout]      |
[INFO] [stdout] 1160 |     use crate::reactor::poll::io::sys::ext::net::sys_common::backtrace::backtrace_rs::symbolize::gimli::Cache;
[INFO] [stdout]      |
[INFO] [stdout] 1160 |     use crate::reactor::poll::io::sys::ext::net::sys_common::backtrace::backtrace_rs::symbolize::gimli::mystd::detect::cache::Cache;
[INFO] [stdout]      |
[INFO] [stdout] 
[INFO] [stdout] 
[INFO] [stdout] error[E0433]: failed to resolve: use of undeclared type or module `model`
[INFO] [stdout]     --> src/protocol/bitcoin.rs:1362:27
[INFO] [stdout]      |
[INFO] [stdout] 1362 |         let tree = model::Cache::new(genesis);
[INFO] [stdout]      |                           ^^^^^ not found in `model`
[INFO] [stdout]      |
[INFO] [stdout] help: consider importing one of these items
[INFO] [stdout]      |
[INFO] [stdout] 1160 |     use crate::reactor::poll::io::sys::ext::net::sys_common::backtrace::backtrace_rs::symbolize::gimli::Cache;
[INFO] [stdout]      |
[INFO] [stdout] 1160 |     use crate::reactor::poll::io::sys::ext::net::sys_common::backtrace::backtrace_rs::symbolize::gimli::mystd::detect::cache::Cache;
[INFO] [stdout]      |
[INFO] [stdout] 
[INFO] [stdout] 
[INFO] [stdout] error: aborting due to 7 previous errors
[INFO] [stdout] 
[INFO] [stdout] 
[INFO] [stdout] Some errors have detailed explanations: E0432, E0433.
[INFO] [stdout] 
[INFO] [stdout] For more information about an error, try `rustc --explain E0432`.
[INFO] [stdout] 
[INFO] [stderr] error: could not compile `nakamoto-p2p`.
[INFO] [stderr] 
[INFO] [stderr] To learn more, run the command again with --verbose.
[INFO] [stderr] warning: build failed, waiting for other jobs to finish...
[INFO] [stderr] error: build failed
[INFO] running `Command { std: "docker" "inspect" "c47f6b1f9d02fc69b7b72e142374e12fe1ca90ee6b6a80256188c34c92aa4bb4", kill_on_drop: false }`
[INFO] running `Command { std: "docker" "rm" "-f" "c47f6b1f9d02fc69b7b72e142374e12fe1ca90ee6b6a80256188c34c92aa4bb4", kill_on_drop: false }`
[INFO] [stdout] c47f6b1f9d02fc69b7b72e142374e12fe1ca90ee6b6a80256188c34c92aa4bb4
